{"id":8396,"date":"2020-08-21T14:45:03","date_gmt":"2020-08-21T14:45:03","guid":{"rendered":"https:\/\/equilibreazur.fr\/azur\/?page_id=8396"},"modified":"2024-09-04T21:42:01","modified_gmt":"2024-09-04T21:42:01","slug":"cours","status":"publish","type":"page","link":"https:\/\/equilibreazur.fr\/azur\/","title":{"rendered":"Equilibre Azur"},"content":{"rendered":"\n<p class=\"has-text-align-center\"><strong>Equilibre Azur<\/strong> &#8211; <strong>Aiki Dojo Azur<\/strong> &#8211; association loi 1901 &#8211; Disciplines compl\u00e9mentaires venues d\u2019Orient permettant \u00e0 chacun de progresser, selon son \u00e2ge et ses capacit\u00e9s, ses besoins et ses aspirations, vers un \u00e9tat de plein accomplissement&#8230; encadr\u00e9es par une \u00e9quipe d\u2019<strong>enseignants dipl\u00f4m\u00e9s et passionn\u00e9s<\/strong>.<\/p>\n\n\n\n<div class=\"wp-block-group\"><div class=\"wp-block-group__inner-container is-layout-flow wp-block-group-is-layout-flow\">\n<hr class=\"wp-block-separator has-css-opacity\"\/>\n\n\n\n<div class=\"wp-block-media-text alignwide is-stacked-on-mobile is-vertically-aligned-top\" style=\"grid-template-columns:15% auto\"><figure class=\"wp-block-media-text__media\"><a href=\"https:\/\/equilibreazur.fr\/azur\/yoga\/\"><img loading=\"lazy\" decoding=\"async\" width=\"720\" height=\"540\" src=\"https:\/\/equilibreazur.fr\/azur\/wp-content\/uploads\/2020\/09\/logos-ADA-yoga-azur-720.gif\" alt=\"Yoga Azur\" class=\"wp-image-7647 size-full\"\/><\/a><\/figure><div class=\"wp-block-media-text__content\">\n<h2 class=\"wp-block-heading\">YOGA traditionnel<\/h2>\n\n\n\n<p>(Hatha Yoga de l&rsquo;IFY et Yoga Tib\u00e9tain) &#8211; <strong>Yoga et M\u00e9ditation<\/strong> d\u00e9veloppent <strong>concentration<\/strong> et <strong>s\u00e9r\u00e9nit\u00e9<\/strong> d\u2019esprit, <strong>puissance<\/strong> et <strong>souplesse<\/strong> physique.<\/p>\n\n\n\n<p>Il est pratiqu\u00e9 par les hommes et femmes du monde entier qui b\u00e9n\u00e9ficient de ses nombreux bienfaits aujourd\u2019hui prouv\u00e9s par la science.<\/p>\n\n\n\n<div class=\"su-spoiler su-spoiler-style-default su-spoiler-icon-plus su-spoiler-closed\" data-scroll-offset=\"0\" data-anchor-in-url=\"no\"><div class=\"su-spoiler-title\" tabindex=\"0\" role=\"button\"><span class=\"su-spoiler-icon\"><\/span>Plus d'infos<\/div><div class=\"su-spoiler-content su-u-clearfix su-u-trim\">\n\n\n\n<p>Les outils, concrets ou subtils, offerts par le yoga sont extr\u00eamement vari\u00e9s&nbsp;: pratique physique pr\u00e9servant et am\u00e9liorant l\u2019\u00e9tat de sant\u00e9 du corps, exercices respiratoires qui r\u00e9gulent les flux \u00e9nerg\u00e9tiques, jusqu\u2019aux techniques plus m\u00e9ditatives de pleine pr\u00e9sence qui recentrent et conduisent sur le chemin de la paix int\u00e9rieure.<\/p>\n\n\n\n<p>Le Yoga pratiqu\u00e9 s\u2019adapte aux capacit\u00e9s de chacun et met l\u2019accent sur la synchronisation des mouvements avec la respiration (pratique en pleine pr\u00e9sence). Le Yoga tib\u00e9tain est plus dynamique et stimule la circulation d\u2019\u00e9nergie. Les s\u00e9ances de m\u00e9ditation suivent le protocole de Open Mindfulness Training \u2013 Pleine pr\u00e9sence \u2013 et sont offertes.<\/p>\n\n\n\n<\/div><\/div>\n\n\n\n<p>Cours&nbsp;<strong>Adultes&nbsp;<\/strong>\/&nbsp;<strong>S\u00e9niors&nbsp;<\/strong>\/&nbsp;<strong>Jeunes<\/strong> \/ <strong>Enfants &nbsp;<\/strong>\u00e0 partir de 6 ans.<\/p>\n\n\n\n<div class=\"wp-block-buttons is-layout-flex wp-block-buttons-is-layout-flex\">\n<div class=\"wp-block-button\"><a class=\"wp-block-button__link has-white-color has-text-color has-background wp-element-button\" href=\"https:\/\/equilibreazur.fr\/azur\/yoga\/\" style=\"background-color:#2373b9\">+ infos <strong>Yoga<\/strong><\/a><\/div>\n<\/div>\n<\/div><\/div>\n\n\n\n<hr class=\"wp-block-separator has-css-opacity\"\/>\n\n\n\n<div class=\"wp-block-media-text alignwide is-stacked-on-mobile is-vertically-aligned-top\" style=\"grid-template-columns:15% auto\"><figure class=\"wp-block-media-text__media\"><a href=\"https:\/\/equilibreazur.fr\/azur\/aikido\/\"><img alt=\"\" loading=\"lazy\" decoding=\"async\" width=\"720\" height=\"540\" src=\"https:\/\/equilibreazur.fr\/azur\/wp-content\/uploads\/2021\/05\/logo-ADA-aikido-720.gif\" alt=\"\" class=\"wp-image-8754 size-full\"\/><\/a><\/figure><div class=\"wp-block-media-text__content\">\n<h2 class=\"wp-block-heading\">AIKIDO Iwama Ryu<\/h2>\n\n\n\n<p>(FFAB) &#8211;&nbsp;<strong>AIKIDO&nbsp;<\/strong>\u00ab art de la paix&nbsp;\u00bb &#8211; l\u2019<strong>A\u00efkido Iwama Ryu&nbsp;<\/strong>(art martial traditionnel japonais). Sans comp\u00e9tition, aucune comp\u00e9tence n\u2019est requise&nbsp;: il s\u2019adresse \u00e0 tous, jeunes et adultes, hommes et femmes, de tous \u00e2ges. Il inclut <strong>exercices d\u2019assouplissement et de tonicit\u00e9<\/strong> (mouvement naturel) dans le respect des possibilit\u00e9s de chacun.<\/p>\n\n\n\n<div class=\"su-spoiler su-spoiler-style-default su-spoiler-icon-plus su-spoiler-closed\" data-scroll-offset=\"0\" data-anchor-in-url=\"no\"><div class=\"su-spoiler-title\" tabindex=\"0\" role=\"button\"><span class=\"su-spoiler-icon\"><\/span>Plus d'infos<\/div><div class=\"su-spoiler-content su-u-clearfix su-u-trim\">\n\n\n\n<p>Les pratiques incluent techniques \u00e0&nbsp;<strong>mains nues&nbsp;<\/strong>(taijutsu) et techniques d&rsquo;<strong>armes&nbsp;<\/strong>(bukiwaza)&nbsp;: sabre bois (boken), b\u00e2ton (Jo), poignard bois (tanto).<\/p>\n\n\n\n<p>La pratique de l&rsquo;Aikido d\u00e9bouche sur un&nbsp;<strong>v\u00e9ritable art de vivre&nbsp;<\/strong>d\u00e9veloppant tonicit\u00e9 et souplesse, sant\u00e9 et connaissance de soi.<\/p>\n\n\n\n<\/div><\/div>\n\n\n\n<p>Cours pour&nbsp;<strong>adultes<\/strong>, femmes et hommes et pour&nbsp;<strong>enfants&nbsp;<\/strong>accessibles \u00e0 partir de l\u2019\u00e2ge de 8\/9 ans.<\/p>\n\n\n\n<div class=\"wp-block-buttons is-layout-flex wp-block-buttons-is-layout-flex\">\n<div class=\"wp-block-button\"><a class=\"wp-block-button__link has-white-color has-text-color has-background wp-element-button\" href=\"https:\/\/equilibreazur.fr\/azur\/aikido\/\" style=\"background-color:#9a220d\">+ infos<strong> Aiki-do<\/strong><\/a><\/div>\n<\/div>\n<\/div><\/div>\n\n\n\n<hr class=\"wp-block-separator has-css-opacity\"\/>\n\n\n\n<div class=\"wp-block-media-text alignwide is-stacked-on-mobile is-vertically-aligned-top\" style=\"grid-template-columns:15% auto\"><figure class=\"wp-block-media-text__media\"><a href=\"https:\/\/equilibreazur.fr\/azur\/qi-gong\/\"><img decoding=\"async\" src=\"https:\/\/equilibreazur.fr\/azur\/wp-content\/uploads\/2020\/09\/logo-ADA-qi-gong-720.gif\" alt=\"QI-GONG Azur - La voie du Qi\" class=\"wp-image-7646 size-full\"\/><\/a><\/figure><div class=\"wp-block-media-text__content\">\n<h2 class=\"wp-block-heading\">QI GONG<\/h2>\n\n\n\n<p>(FFK) &#8211; Le&nbsp;<strong>Qi&nbsp;Gong<\/strong>, litt\u00e9ralement&nbsp;\u00ab Travail de l\u2019\u00e9nergie&nbsp;\u00bb, permet de&nbsp;<strong>faire circuler&nbsp;<\/strong>et de&nbsp;<strong>stimuler&nbsp;<\/strong>l\u2019\u00e9nergie (Chi) dans son corps.<\/p>\n\n\n\n<p>Il contribue efficacement \u00e0 la&nbsp;<strong>d\u00e9tente&nbsp;<\/strong>ainsi qu\u2019au&nbsp;<strong>calme int\u00e9rieur<\/strong>, et convient \u00e0&nbsp;<strong>tout \u00e2ge<\/strong>.<\/p>\n\n\n\n<div class=\"wp-block-buttons is-layout-flex wp-block-buttons-is-layout-flex\">\n<div class=\"wp-block-button\"><a class=\"wp-block-button__link has-white-color has-text-color has-background wp-element-button\" href=\"https:\/\/equilibreazur.fr\/azur\/qi-gong\/\" style=\"background-color:#c9c229\">+ infos <strong>Qi-Gong<\/strong><\/a><\/div>\n<\/div>\n<\/div><\/div>\n<\/div><\/div>\n","protected":false},"excerpt":{"rendered":"<p>Equilibre Azur &#8211; Aiki Dojo Azur &#8211; association loi 1901 &#8211; Disciplines compl\u00e9mentaires venues d\u2019Orient permettant \u00e0 chacun de progresser, selon son \u00e2ge et ses capacit\u00e9s, ses besoins et ses aspirations, vers un \u00e9tat de plein accomplissement&#8230; encadr\u00e9es par une &#8230; <a title=\"Equilibre Azur\" class=\"read-more\" href=\"https:\/\/equilibreazur.fr\/azur\/\" aria-label=\"En savoir plus sur Equilibre Azur\">Voir plus&#8230;<\/a><\/p>\n","protected":false},"author":2,"featured_media":8814,"parent":0,"menu_order":0,"comment_status":"open","ping_status":"closed","template":"","meta":{"_acf_changed":false,"_seopress_robots_primary_cat":"","_seopress_titles_title":"%%title%% %%page%% %%sep%% (Aiki Dojo Azur)","_seopress_titles_desc":"Equilibre Azur - Aiki Dojo Azur - association loi 1901 - Disciplines compl\u00e9mentaires venues d\u2019Orient permettant \u00e0 chacun de progresser, selon son \u00e2ge et ses capacit\u00e9s, ses besoins et ses aspirations, vers un \u00e9tat de plein accomplissement... encadr\u00e9es par une \u00e9quipe d\u2019enseignants qualifi\u00e9s et passionn\u00e9s.","_seopress_robots_index":"","generate_page_header":"","footnotes":""},"class_list":{"0":"post-8396","1":"page","2":"type-page","3":"status-publish","4":"has-post-thumbnail","6":"infinite-scroll-item"},"acf":[],"_links":{"self":[{"href":"https:\/\/equilibreazur.fr\/azur\/wp-json\/wp\/v2\/pages\/8396","targetHints":{"allow":["GET"]}}],"collection":[{"href":"https:\/\/equilibreazur.fr\/azur\/wp-json\/wp\/v2\/pages"}],"about":[{"href":"https:\/\/equilibreazur.fr\/azur\/wp-json\/wp\/v2\/types\/page"}],"author":[{"embeddable":true,"href":"https:\/\/equilibreazur.fr\/azur\/wp-json\/wp\/v2\/users\/2"}],"replies":[{"embeddable":true,"href":"https:\/\/equilibreazur.fr\/azur\/wp-json\/wp\/v2\/comments?post=8396"}],"version-history":[{"count":6,"href":"https:\/\/equilibreazur.fr\/azur\/wp-json\/wp\/v2\/pages\/8396\/revisions"}],"predecessor-version":[{"id":9981,"href":"https:\/\/equilibreazur.fr\/azur\/wp-json\/wp\/v2\/pages\/8396\/revisions\/9981"}],"wp:featuredmedia":[{"embeddable":true,"href":"https:\/\/equilibreazur.fr\/azur\/wp-json\/wp\/v2\/media\/8814"}],"wp:attachment":[{"href":"https:\/\/equilibreazur.fr\/azur\/wp-json\/wp\/v2\/media?parent=8396"}],"curies":[{"name":"wp","href":"https:\/\/api.w.org\/{rel}","templated":true}]}}