{"id":8252,"date":"2020-08-19T14:15:45","date_gmt":"2020-08-19T14:15:45","guid":{"rendered":"https:\/\/equilibreazur.fr\/azur\/?page_id=8252"},"modified":"2026-03-25T16:54:35","modified_gmt":"2026-03-25T16:54:35","slug":"luca-marchetti","status":"publish","type":"page","link":"https:\/\/equilibreazur.fr\/azur\/luca-marchetti\/","title":{"rendered":"Luca Marchetti"},"content":{"rendered":"\n<h2 class=\"wp-block-heading\">Luca Marchetti &#8211; Instructeur d&rsquo;Aikido Cours Adultes<\/h2>\n\n\n\n<h3 class=\"wp-block-heading\">3e Dan Dento A\u00efkido \u2013 Iwama Shin-Shin Aiki Shurenkai<\/h3>\n\n\n\n<p>Senpai au sein du dojo (plus ancien \u00e9l\u00e8ve), Luca seconde l&rsquo;enseignement des cours d&rsquo;Aikido pour les ados\/adultes (1 cours par semaine).<\/p>\n\n\n\n<p>Luca suit l\u2019enseignement de <strong>SAITO Hitohira Sensei<\/strong> depuis 2001 et de <strong>Daniel TOUTAIN Sensei<\/strong> depuis 2010 et. Tous les deux furent \u00e9l\u00e8ves de Morihiro SAITO Sensei d\u00e9funt successeur \u00e0 Iwama (Japon) du fondateur de l\u2019Aikido en personne.<\/p>\n\n\n\n<h3 class=\"wp-block-heading\">Son parcours en Aikido&#8230;<\/h3>\n\n\n\n<p>Luca a d\u00e9but\u00e9 l\u2019Aikido, en 2001 au dojo Iwama Ryu de Latina (Italie), dirig\u00e9 par Marco RUBINELLI Sensei. Son ma\u00eetre de r\u00e9f\u00e9rence \u00e9tait alors Paolo&nbsp;CORALLINI&nbsp;Sensei, qui lui a appris l\u2019enseignement de Morihiro&nbsp;SAITO&nbsp;Sensei (\u00e9l\u00e8ve du fondateur). Depuis 2004, il suit l&rsquo;enseignement de Hitohira&nbsp;SAITO&nbsp;Sensei, fils de Morihiro&nbsp;SAITO&nbsp;Sensei et pratique au cours mensuels dispens\u00e9 par <strong><a href=\"https:\/\/aikidoblog.net\/dojo\/a-tittarelli\/\" target=\"_blank\" rel=\"noreferrer noopener\">Alessandro&nbsp;TITTARELLI&nbsp;Sensei<\/a><\/strong> \u00e0 Ciampino (Rome-Italie). Il a v\u00e9cu <strong>6 mois au Japon<\/strong>, ou il a suivi les enseignement de Takashi&nbsp;YAMANAKA&nbsp;Sensei, \u00e0 Sendai.<\/p>\n\n\n\n<p>Depuis le 2010, il s&rsquo;est installe en France et suit les enseignements de Eric&nbsp;SAVALLI&nbsp;Sensei.<\/p>\n\n\n\n<h3 class=\"wp-block-heading\">Stages<\/h3>\n\n\n\n<p>Il participe aux cours, en tant que Senpai (\u00e9l\u00e8ve le plus ancien), et aux stages internationaux de Hitohira\u00a0SAITO\u00a0Sensei (dojocho de Iwama Shin-Shin Aiki Shuren-kai). Il a, par le pass\u00e9, suivi \u00e9galement l&rsquo;enseignement de Daniel\u00a0TOUTAIN\u00a0Sensei (directeur technique FAA Fundamental Aikido Association).<\/p>\n","protected":false},"excerpt":{"rendered":"<p>Luca Marchetti &#8211; Instructeur d&rsquo;Aikido Cours Adultes 3e Dan Dento A\u00efkido \u2013 Iwama Shin-Shin Aiki Shurenkai Senpai au sein du dojo (plus ancien \u00e9l\u00e8ve), Luca seconde l&rsquo;enseignement des cours d&rsquo;Aikido pour les ados\/adultes (1 cours par semaine). Luca suit l\u2019enseignement &#8230; <a title=\"Luca Marchetti\" class=\"read-more\" href=\"https:\/\/equilibreazur.fr\/azur\/luca-marchetti\/\" aria-label=\"En savoir plus sur Luca Marchetti\">Voir plus&#8230;<\/a><\/p>\n","protected":false},"author":2,"featured_media":6301,"parent":0,"menu_order":0,"comment_status":"closed","ping_status":"closed","template":"","meta":{"_acf_changed":false,"_seopress_robots_primary_cat":"","_seopress_titles_title":"","_seopress_titles_desc":"","_seopress_robots_index":"","generate_page_header":"","footnotes":""},"class_list":{"0":"post-8252","1":"page","2":"type-page","3":"status-publish","4":"has-post-thumbnail","6":"infinite-scroll-item"},"acf":[],"_links":{"self":[{"href":"https:\/\/equilibreazur.fr\/azur\/wp-json\/wp\/v2\/pages\/8252","targetHints":{"allow":["GET"]}}],"collection":[{"href":"https:\/\/equilibreazur.fr\/azur\/wp-json\/wp\/v2\/pages"}],"about":[{"href":"https:\/\/equilibreazur.fr\/azur\/wp-json\/wp\/v2\/types\/page"}],"author":[{"embeddable":true,"href":"https:\/\/equilibreazur.fr\/azur\/wp-json\/wp\/v2\/users\/2"}],"replies":[{"embeddable":true,"href":"https:\/\/equilibreazur.fr\/azur\/wp-json\/wp\/v2\/comments?post=8252"}],"version-history":[{"count":5,"href":"https:\/\/equilibreazur.fr\/azur\/wp-json\/wp\/v2\/pages\/8252\/revisions"}],"predecessor-version":[{"id":10838,"href":"https:\/\/equilibreazur.fr\/azur\/wp-json\/wp\/v2\/pages\/8252\/revisions\/10838"}],"wp:featuredmedia":[{"embeddable":true,"href":"https:\/\/equilibreazur.fr\/azur\/wp-json\/wp\/v2\/media\/6301"}],"wp:attachment":[{"href":"https:\/\/equilibreazur.fr\/azur\/wp-json\/wp\/v2\/media?parent=8252"}],"curies":[{"name":"wp","href":"https:\/\/api.w.org\/{rel}","templated":true}]}}

<h2 class="wp-block-heading">Luca Marchetti &#8211; Instructeur d&rsquo;Aikido Cours Adultes</h2>



<h3 class="wp-block-heading">3e Dan Dento Aïkido – Iwama Shin-Shin Aiki Shurenkai</h3>



<p>Senpai au sein du dojo (plus ancien élève), Luca seconde l&rsquo;enseignement des cours d&rsquo;Aikido pour les ados/adultes (1 cours par semaine).</p>



<p>Luca suit l’enseignement de <strong>SAITO Hitohira Sensei</strong> depuis 2001 et de <strong>Daniel TOUTAIN Sensei</strong> depuis 2010 et. Tous les deux furent élèves de Morihiro SAITO Sensei défunt successeur à Iwama (Japon) du fondateur de l’Aikido en personne.</p>



<h3 class="wp-block-heading">Son parcours en Aikido&#8230;</h3>



<p>Luca a débuté l’Aikido, en 2001 au dojo Iwama Ryu de Latina (Italie), dirigé par Marco RUBINELLI Sensei. Son maître de référence était alors Paolo&nbsp;CORALLINI&nbsp;Sensei, qui lui a appris l’enseignement de Morihiro&nbsp;SAITO&nbsp;Sensei (élève du fondateur). Depuis 2004, il suit l&rsquo;enseignement de Hitohira&nbsp;SAITO&nbsp;Sensei, fils de Morihiro&nbsp;SAITO&nbsp;Sensei et pratique au cours mensuels dispensé par <strong><a href="https://aikidoblog.net/dojo/a-tittarelli/" target="_blank" rel="noreferrer noopener">Alessandro&nbsp;TITTARELLI&nbsp;Sensei</a></strong> à Ciampino (Rome-Italie). Il a vécu <strong>6 mois au Japon</strong>, ou il a suivi les enseignement de Takashi&nbsp;YAMANAKA&nbsp;Sensei, à Sendai.</p>



<p>Depuis le 2010, il s&rsquo;est installe en France et suit les enseignements de Eric&nbsp;SAVALLI&nbsp;Sensei.</p>



<h3 class="wp-block-heading">Stages</h3>



<p>Il participe aux cours, en tant que Senpai (élève le plus ancien), et aux stages internationaux de Hitohira SAITO Sensei (dojocho de Iwama Shin-Shin Aiki Shuren-kai). Il a, par le passé, suivi également l&rsquo;enseignement de Daniel TOUTAIN Sensei (directeur technique FAA Fundamental Aikido Association).</p>

<p>Luca Marchetti &#8211; Instructeur d&rsquo;Aikido Cours Adultes 3e Dan Dento Aïkido – Iwama Shin-Shin Aiki Shurenkai Senpai au sein du dojo (plus ancien élève), Luca seconde l&rsquo;enseignement des cours d&rsquo;Aikido pour les ados/adultes (1 cours par semaine). Luca suit l’enseignement &#8230; <a title="Luca Marchetti" class="read-more" href="https://equilibreazur.fr/azur/luca-marchetti/" aria-label="En savoir plus sur Luca Marchetti">Voir plus&#8230;</a></p>
