{"id":6366,"date":"2011-12-08T18:36:13","date_gmt":"2011-12-08T18:36:13","guid":{"rendered":"https:\/\/equilibreazur.fr\/azur\/?page_id=6366"},"modified":"2020-08-19T13:14:04","modified_gmt":"2020-08-19T13:14:04","slug":"aikido-iwama-ryu","status":"publish","type":"page","link":"https:\/\/equilibreazur.fr\/azur\/aikido-iwama-ryu\/","title":{"rendered":"Aikido Traditionnel&nbsp;\u00ab\u00a0Iwama&nbsp;Ryu\u00a0\u00bb"},"content":{"rendered":"<p>D\u00e9couvrez une incroyable discipline, au del\u00e0 du simple sport de combat, enseign\u00e9e par des instructeurs passionn\u00e9s et comp\u00e9tents&#8230;<\/p>\n<p>Un art martial japonais de toute une vie, finalis\u00e9\u00a0\u00e0 Iwama (nord-est de Tokyo).<\/p>\n<h2>L&rsquo;Aikido Traditionnel &#8211; Aikido&nbsp;\u00ab\u00a0Iwama Ryu\u00a0\u00bb encore appel\u00e9\u00a0\u00ab\u00a0Takemusu Aiki\u00a0\u00bb<\/h2>\n<h3>UESHIBA Moreihei, le fondateur de l&rsquo;Aikido<\/h3>\n<p>Cr\u00e9\u00e9 par\u00a0<strong>Ma\u00eetre UESHIBA<\/strong>, l&rsquo;Aikido est un\u00a0<strong>Budo<\/strong>\u00a0n\u00e9 au Japon, dans la ville d&rsquo;<strong>Iwama<\/strong>\u00a0(pr\u00e9fecture d&rsquo;Ibaraki). Bien que fondamentalement non-violent, l&rsquo;A\u00efkido est\u00a0un<strong>\u00a0art martial<\/strong>. Il englobe \u00e0 la fois des techniques \u00e0 mains nues et des techniques d&rsquo;armes (sabre, b\u00e2ton, poignard). En A\u00efkido, on contr\u00f4le les attaques de son ou ses adversaires sans s&rsquo;y opposer avec force.<\/p>\n<p>Les pratiquants ont la possibilit\u00e9 de d\u00e9couvrir en plus d&rsquo;un art d&rsquo;autod\u00e9fense efficace, une pratique sans comp\u00e9tition (<a title=\"Aikido et comp\u00e9tition\" href=\"http:\/\/aikidoblog.net\/fr\/articles\/aikido-un-art-sans-competition\/\">explications<\/a>)\u00a0qui d\u00e9bouche sur un v\u00e9ritable art de vivre et vise \u00e0 d\u00e9velopper le contr\u00f4le de soi, l&rsquo;assurance et de meilleures relations humaines.<\/p>\n<p>Voici une vid\u00e9o du fondateur de l&rsquo;Aikido, Ma\u00eetre UESHIBA Morihei\u00a0:<\/p>\n<p><iframe loading=\"lazy\" title=\"Aikido Founder Morihei Ueshiba 1935\" width=\"1200\" height=\"900\" src=\"https:\/\/www.youtube.com\/embed\/98yRuBkUBGQ?feature=oembed\" frameborder=\"0\" allow=\"accelerometer; autoplay; encrypted-media; gyroscope; picture-in-picture\" allowfullscreen><\/iframe><\/p>\n<p style=\"text-align: right;\"><span style=\"color: #808080;\">Ma\u00eetre UESHIBA Morihei d\u00e9montrant en 1935 l&rsquo;art qu&rsquo;il avait cr\u00e9\u00e9.<\/span><\/p>\n<h3>Qu&rsquo;est-ce que l&rsquo;Aikido&nbsp;?<\/h3>\n<p><strong>Tout le monde peut pratiquer<\/strong>, hommes et femmes, jeunes et adultes.<br \/>\nAucune aptitude particuli\u00e8re n&rsquo;est n\u00e9cessaire.<\/p>\n<blockquote><p><em>L\u2019Aikido ouvre la voie de la paix entre les \u00eatres humains<\/em><br \/>\nUESHIBA Morihei (1883 \u2013 1969)<\/p><\/blockquote>\n<div style=\"text-align: right;\">\n<p><img loading=\"lazy\" decoding=\"async\" class=\"alignright size-full wp-image-6367\" src=\"https:\/\/equilibreazur.fr\/azur\/wp-content\/uploads\/2015\/11\/calligraphie-aikido.png\" alt=\"Calligraphie AiKiDo par Tom Grundmann\" width=\"200\" height=\"472\" srcset=\"https:\/\/equilibreazur.fr\/azur\/wp-content\/uploads\/2015\/11\/calligraphie-aikido.png 200w, https:\/\/equilibreazur.fr\/azur\/wp-content\/uploads\/2015\/11\/calligraphie-aikido-157x370.png 157w\" sizes=\"auto, (max-width: 200px) 100vw, 200px\" \/><\/p>\n<p><span style=\"color: #888888;\">Calligraphie&nbsp;\u00ab\u00a0Ai-Ki-Do\u00a0\u00bb<\/span><br \/>\n<span style=\"color: #888888;\">de Tom Grundmann<\/span><br \/>\n<span style=\"color: #888888;\">pour Aiki Dojo Azur.<\/span><\/p>\n<\/div>\n<p>L\u2019Aikido a \u00e9t\u00e9 cr\u00e9\u00e9 par le grand\u00a0<strong>Ma\u00eetre Morihei Ueshiba<\/strong>\u00a0\u00e0 partir des redoutables techniques de combat des Samourais qu\u2019il ma\u00eetrisait au plus haut niveau.<\/p>\n<p>Grand expert du Daito-Ryu Aikijutsu de l\u2019\u00e9cole Takeda et de diff\u00e9rentes \u00e9coles de sabre, lance, ba\u00efonnette&#8230; le Ma\u00eetre Ueshiba f\u00fbt inspir\u00e9 par le r\u00e9v\u00e9rend Onisaburo Deguchi de la religion Omoto qui pr\u00eachait la paix et l\u2019harmonie.<\/p>\n<p>L\u2019Aikido a pour but de r\u00e9pondre \u00e0 la violence par la non-violence. Cela consiste en effet \u00e0 neutraliser un ou plusieurs assaillants sans intention de blesser et en utilisant la force adverse lors d\u2019une attaque.<\/p>\n<p>Le pratiquant d\u2019Aikido, tout en cherchant \u00e0 parfaire ses techniques, d\u00e9couvre au fur et \u00e0 mesure un v\u00e9ritable art de vivre qui vise \u00e0 d\u00e9velopper ma\u00eetrise et confiance en soi.<\/p>\n<p>C\u2019est au d\u00e9but des ann\u00e9es quarante que le Fondateur de l\u2019Aikido s\u2019installa \u00e0<strong>\u00a0Iwama<\/strong>, petit village situ\u00e9 \u00e0 environ 100 kms de Tokyo pour y construire son Dojo personnel et l\u2019Aiki Jinja, un temple d\u00e9di\u00e9 \u00e0 l\u2019Aikido.<br \/>\nC\u2019est l\u00e0 qu\u2019il peaufina son art jusqu\u2019\u00e0 la fin de sa vie en \u00e9laborant une pratique sp\u00e9cifique qui comporte une relation constante entre l\u2019\u00e9tude des techniques \u00e0 mains nues et des techniques d\u2019armes (aikiken, aikijo).<\/p>\n<p><iframe loading=\"lazy\" title=\"Morihei Ueshiba - The Founder of Aikido (complete) 3 of 5\" width=\"1200\" height=\"900\" src=\"https:\/\/www.youtube.com\/embed\/Aw7OKN7FTmE?feature=oembed\" frameborder=\"0\" allow=\"accelerometer; autoplay; encrypted-media; gyroscope; picture-in-picture\" allowfullscreen><\/iframe><\/p>\n<p style=\"text-align: right;\"><span style=\"color: #888888;\">Le fondateur de l&rsquo;Aikido dans son dojo puis \u00e0 L&rsquo;AikiJinja, \u00e0 Iwama.<\/span><br \/>\n<span style=\"color: #888888;\">On le voit aussi s&rsquo;entra\u00eener durant la nuit aux suburi (mouvement aux armes)<\/span><\/p>\n<h3>Les diff\u00e9rentes \u00e9coles ou styles d&rsquo;Aikido<\/h3>\n<p>Il existe aujourd\u2019hui diff\u00e9rents styles d\u2019Aikido. L\u2019art authentique cr\u00e9\u00e9 par Ma\u00eetre Ueshiba a \u00e9t\u00e9 pr\u00e9serv\u00e9 intact, un temps sous l\u2019appellation&nbsp;\u00ab\u00a0Takemusu Aikido\u00a0\u00bb puis&nbsp;\u00ab\u00a0Aikido d\u2019Iwama\u00a0\u00bb ou&nbsp;\u00ab\u00a0Iwama Ryu\u00a0\u00bb par celui qui f\u00fbt son plus proche disciple, et ce pendant les 23 derni\u00e8res ann\u00e9es de sa vie&nbsp;: SAITO\u00a0Morihiro\u00a0Sensei\u00a0[<a title=\"Ma\u00eetre Saito\" href=\"http:\/\/aikidoblog.net\/fr\/aikido\/sensei\/morihiro-saito-sensei\/\">lien Aikido Blog<\/a>], 9<sup>\u00e8me\u00a0<\/sup>Dan (1928-2002)<br \/>\nSAITO\u00a0Morihiro\u00a0Sensei a eu la charge du Temple et du Dojo du Fondateur \u00e0 sa disparition. Des professeurs et pratiquants du monde entier sont venus se perfectionner dans le fameux Dojo d\u2019Iwama sous la direction de SAITO\u00a0Sensei.<\/p>\n<p><iframe loading=\"lazy\" title=\"Morihiro Saito&#039;s Explosive Iriminage at the 1978 All-Japan Aikido Demonstration\" width=\"1200\" height=\"675\" src=\"https:\/\/www.youtube.com\/embed\/b5wrkVx9okQ?feature=oembed\" frameborder=\"0\" allow=\"accelerometer; autoplay; encrypted-media; gyroscope; picture-in-picture\" allowfullscreen><\/iframe><\/p>\n<p style=\"text-align: right;\"><span style=\"color: #999999;\">SAITO Sensei d\u00e9montrant la technique d&rsquo;Aikido&nbsp;\u00a0\u00ab\u00a0Irimi Nage\u00a0\u00bb\u00a0<\/span><\/p>\n<p>L\u2019enseignement de Ma\u00eetre\u00a0SAITO est maintenant perp\u00e9tu\u00e9 sur tous les continents par de nombreux professeurs, parmi lesquels\u00a0Daniel\u00a0TOUTAIN\u00a0Sensei [<a title=\"Daniel Toutain - 6e Dan Aikido Iwama Japon\" href=\"http:\/\/aikidoblog.net\/fr\/aikido\/sensei\/daniel-toutain\/\">lien Aikido Blog<\/a>]\u00a0et le fils de Ma\u00eetre\u00a0SAITO fils lui-m\u00eame\u00a0: SAITO\u00a0Hitohiro\u00a0Sensei\u00a0[<a title=\"Hitohiro Saito Sensei - Fils de Morihiro Saito Sensei\" href=\"http:\/\/aikidoblog.net\/fr\/aikido\/sensei\/hitohiro-saito-sensei\/\">lien Aikido Blog<\/a>].<\/p>\n<p><span style=\"color: #808080;\">Une grande partie de ce texte a \u00e9t\u00e9 \u00e9crit par\u00a0Daniel\u00a0Toutain<\/span><br \/>\n<span style=\"color: #808080;\"> et\u00a0reproduit ici avec son aimable autorisation.<\/span><\/p>\n","protected":false},"excerpt":{"rendered":"<p>D\u00e9couvrez une incroyable discipline, au del\u00e0 du simple sport de combat, enseign\u00e9e par des instructeurs passionn\u00e9s et comp\u00e9tents&#8230; Un art martial japonais de toute une vie, finalis\u00e9\u00a0\u00e0 Iwama (nord-est de Tokyo). L&rsquo;Aikido Traditionnel &#8211; Aikido&nbsp;\u00ab\u00a0Iwama Ryu\u00a0\u00bb encore appel\u00e9\u00a0\u00ab\u00a0Takemusu Aiki\u00a0\u00bb UESHIBA &#8230; <a title=\"Aikido Traditionnel&nbsp;\u00ab\u00a0Iwama&nbsp;Ryu\u00a0\u00bb\" class=\"read-more\" href=\"https:\/\/equilibreazur.fr\/azur\/aikido-iwama-ryu\/\" aria-label=\"En savoir plus sur Aikido Traditionnel&nbsp;\u00ab\u00a0Iwama&nbsp;Ryu\u00a0\u00bb\">Voir plus&#8230;<\/a><\/p>\n","protected":false},"author":2,"featured_media":7322,"parent":0,"menu_order":0,"comment_status":"closed","ping_status":"closed","template":"","meta":{"_acf_changed":false,"_seopress_robots_primary_cat":"","_seopress_titles_title":"","_seopress_titles_desc":"L&#039;Aikido est un Budo n\u00e9 \u00e0 Iwama (Japon - Ibaraki). Bien que fondamentalement non-violent, l&#039;A\u00efkido est avant tout un art de &quot;self-improvement&quot;, en effet,","_seopress_robots_index":"","generate_page_header":"","footnotes":""},"class_list":{"0":"post-6366","1":"page","2":"type-page","3":"status-publish","4":"has-post-thumbnail","6":"infinite-scroll-item"},"acf":[],"_links":{"self":[{"href":"https:\/\/equilibreazur.fr\/azur\/wp-json\/wp\/v2\/pages\/6366","targetHints":{"allow":["GET"]}}],"collection":[{"href":"https:\/\/equilibreazur.fr\/azur\/wp-json\/wp\/v2\/pages"}],"about":[{"href":"https:\/\/equilibreazur.fr\/azur\/wp-json\/wp\/v2\/types\/page"}],"author":[{"embeddable":true,"href":"https:\/\/equilibreazur.fr\/azur\/wp-json\/wp\/v2\/users\/2"}],"replies":[{"embeddable":true,"href":"https:\/\/equilibreazur.fr\/azur\/wp-json\/wp\/v2\/comments?post=6366"}],"version-history":[{"count":6,"href":"https:\/\/equilibreazur.fr\/azur\/wp-json\/wp\/v2\/pages\/6366\/revisions"}],"predecessor-version":[{"id":8264,"href":"https:\/\/equilibreazur.fr\/azur\/wp-json\/wp\/v2\/pages\/6366\/revisions\/8264"}],"wp:featuredmedia":[{"embeddable":true,"href":"https:\/\/equilibreazur.fr\/azur\/wp-json\/wp\/v2\/media\/7322"}],"wp:attachment":[{"href":"https:\/\/equilibreazur.fr\/azur\/wp-json\/wp\/v2\/media?parent=6366"}],"curies":[{"name":"wp","href":"https:\/\/api.w.org\/{rel}","templated":true}]}}